{"id":322,"date":"2022-08-04T16:23:56","date_gmt":"2022-08-04T19:23:56","guid":{"rendered":"http:\/\/www.iaterkw.academiacorpore.com.br\/?page_id=322"},"modified":"2022-08-26T14:39:05","modified_gmt":"2022-08-26T17:39:05","slug":"musculacao","status":"publish","type":"page","link":"https:\/\/www.academiacorpore.com.br\/iate\/musculacao\/","title":{"rendered":"Muscula\u00e7\u00e3o"},"content":{"rendered":"\t<section class=\"section dark\" id=\"section_1928099123\">\n\t\t<div class=\"bg section-bg fill bg-fill  \" >\n\n\t\t\t\n\t\t\t<div class=\"section-bg-overlay absolute fill\"><\/div>\n\t\t\t\n\n\t\t<\/div>\n\n\t\t\n\n\t\t<div class=\"section-content relative\">\n\t\t\t\n<div class=\"row\"  id=\"row-748197569\">\n\n\t<div id=\"col-77499569\" class=\"col medium-12 small-12 large-11\"  >\n\t\t\t\t<div class=\"col-inner\"  >\n\t\t\t\n\t\t\t\n\t<div id=\"gap-2144835641\" class=\"gap-element clearfix\" style=\"display:block; height:auto;\">\n\t\t\n<style>\n#gap-2144835641 {\n  padding-top: 30px;\n}\n<\/style>\n\t<\/div>\n\t\n\t<div id=\"text-800382324\" class=\"text\">\n\t\t\n<h2 class=\"uppercase alt-font\">Academia corpore<\/h2>\n\t\t\n<style>\n#text-800382324 {\n  font-size: 1.65rem;\n  text-align: center;\n}\n@media (min-width:850px) {\n  #text-800382324 {\n    text-align: left;\n  }\n}\n<\/style>\n\t<\/div>\n\t\n\t<div id=\"text-3806063728\" class=\"text\">\n\t\t\n<blockquote>\n<p>H\u00e1 mais de 45 anos, a academia corpore \u00e9 a Academia mais tradicional de Belo Horizonte que j\u00e1 ajudou milhares de pessoas a construir h\u00e1bitos saud\u00e1veis atrav\u00e9s de diversas modalidades de atividade f\u00edsica.<\/p>\n<\/blockquote>\n\t\t\n<style>\n#text-3806063728 {\n  text-align: center;\n}\n@media (min-width:850px) {\n  #text-3806063728 {\n    text-align: left;\n  }\n}\n<\/style>\n\t<\/div>\n\t\n\t\t<\/div>\n\t\t\t\t\n<style>\n#col-77499569 > .col-inner {\n  padding: 0px 0px 0px 0;\n}\n@media (min-width:550px) {\n  #col-77499569 > .col-inner {\n    padding: 0px 10% 0px 10%;\n  }\n}\n<\/style>\n\t<\/div>\n\n\t\n<\/div>\n\t\t<\/div>\n\n\t\t\n<style>\n#section_1928099123 {\n  padding-top: 0px;\n  padding-bottom: 0px;\n  min-height: 365px;\n}\n#section_1928099123 .section-bg-overlay {\n  background-color: rgba(0,0,0,.5);\n}\n#section_1928099123 .section-bg.bg-loaded {\n  background-image: url(https:\/\/www.academiacorpore.com.br\/iate\/wp-content\/uploads\/2022\/08\/close-up-dumbbells-arranged-row-fitness-center.jpg);\n}\n#section_1928099123 .section-bg {\n  background-position: 100% 28%;\n}\n#section_1928099123 .ux-shape-divider--top svg {\n  height: 150px;\n  --divider-top-width: 100%;\n}\n#section_1928099123 .ux-shape-divider--bottom svg {\n  height: 150px;\n  --divider-width: 100%;\n}\n<\/style>\n\t<\/section>\n\t\n\t<section class=\"section\" id=\"section_461446775\">\n\t\t<div class=\"bg section-bg fill bg-fill  bg-loaded\" >\n\n\t\t\t\n\t\t\t\n\t\t\t\n\n\t\t<\/div>\n\n\t\t\n\n\t\t<div class=\"section-content relative\">\n\t\t\t\n<div class=\"row align-middle\" style=\"max-width:1200px\" id=\"row-556406394\">\n\n\t<div id=\"col-2137467932\" class=\"col medium-5 small-12 large-5\"  >\n\t\t\t\t<div class=\"col-inner\"  >\n\t\t\t\n\t\t\t\n\n  <div class=\"banner has-hover\" id=\"banner-1291424279\">\n          <div class=\"banner-inner fill\">\n        <div class=\"banner-bg fill\" >\n            <div class=\"bg fill bg-fill \"><\/div>\n                                    \n                    <\/div>\n\t\t\n        <div class=\"banner-layers container\">\n            <div class=\"fill banner-link\"><\/div>            \n        <\/div>\n      <\/div>\n\n            \n<style>\n#banner-1291424279 {\n  padding-top: 400px;\n  background-color: rgb(255, 255, 255);\n}\n#banner-1291424279 .bg.bg-loaded {\n  background-image: url(https:\/\/www.academiacorpore.com.br\/iate\/wp-content\/uploads\/2022\/08\/Brutos.00_12_37_21-450x800.jpg);\n}\n#banner-1291424279 .bg {\n  background-position: 52% 0%;\n}\n#banner-1291424279 .ux-shape-divider--top svg {\n  height: 150px;\n  --divider-top-width: 100%;\n}\n#banner-1291424279 .ux-shape-divider--bottom svg {\n  height: 150px;\n  --divider-width: 100%;\n}\n@media (min-width:550px) {\n  #banner-1291424279 {\n    padding-top: 456px;\n  }\n}\n<\/style>\n  <\/div>\n\n\n\t\t<\/div>\n\t\t\t\t\t<\/div>\n\n\t\n\n\t<div id=\"col-216210411\" class=\"col medium-7 small-12 large-7\"  >\n\t\t\t\t<div class=\"col-inner\"  >\n\t\t\t\n\t\t\t\n\t<div id=\"text-2096768515\" class=\"text\">\n\t\t\n<h3 class=\"uppercase\">MUSCUL\u00c7\u00c3O<\/h3>\n\t\t\n<style>\n#text-2096768515 {\n  font-size: 2.5rem;\n  line-height: 0.75;\n}\n<\/style>\n\t<\/div>\n\t\n<p style=\"text-align: justify;\">Modalidade recomendada para hipertrofia, resist\u00eancia muscular, recupera\u00e7\u00e3o de les\u00f5es, aumento da mobilidade corporal e melhora da postura.<\/p>\n<p style=\"text-align: justify;\">A Academia Corpore Iate disp\u00f5e de professores altamente preparados que realizam o acompanhamento constante dos alunos, garantindo o resultado almejado pelo praticante de maneira segura. Esta forma de treinamento f\u00edsico \u00e9 utilizada para fins atl\u00e9ticos (por meio da melhora no desempenho do aluno), est\u00e9ticos (no desenvolvimento do volume e forma muscular) e de sa\u00fade (auxiliando no tratamento de doen\u00e7as musculares, \u00f3sseas, metab\u00f3licas, melhora na mobilidade, postura, etc).<\/p>\n<div class=\"row row-small align-center hide-for-medium\"  id=\"row-1279595729\">\n\n\n\t<div id=\"col-118429364\" class=\"col hide-for-medium medium-9 small-12 large-9\"  >\n\t\t\t\t<div class=\"col-inner text-center\"  >\n\t\t\t\n\t\t\t\n\n<a href=\"#atendimento\" target=\"_self\" class=\"button secondary is-shade expand hide-for-medium\"  style=\"padding:7px 30px 7px 22px;\">\n  <i class=\"icon-envelop\" ><\/i>  <span>Mensagem<\/span>\n  <\/a>\n\n\n<a href=\"#atendimento\" target=\"_self\" class=\"button secondary is-shade show-for-small\"  style=\"padding:0px 10% 0% 10%;\">\n  <i class=\"icon-envelop\" ><\/i>  <span>Solicite um Or\u00e7amento<\/span>\n  <\/a>\n\n\n\n\t\t<\/div>\n\t\t\t\t\n<style>\n#col-118429364 > .col-inner {\n  padding: 0px 0px 0px 0;\n  margin: 0px 6px -30px -7px;\n}\n@media (min-width:550px) {\n  #col-118429364 > .col-inner {\n    padding: 0px 27px 0px 0px;\n    margin: 0px 0px -30px 10px;\n  }\n}\n<\/style>\n\t<\/div>\n\n\t\n\n\t<div id=\"col-85848683\" class=\"col hide-for-medium medium-6 small-12 large-6\"  >\n\t\t\t\t<div class=\"col-inner text-center\"  >\n\t\t\t\n\t\t\t\n\n<div><div  data-pre_filled=\"Ol\u00e1, vim atrav\u00e9s do Academia Corpore Iate, https:\/\/www.academiacorpore.com.br\/iate\/musculacao\/ Gostaria de saber mais informa\u00e7\u00f5es.\" data-style=\"8\" style=\"display: inline; cursor: pointer; z-index: 99999999; \" class=\"ht-ctc-sc ht-ctc-sc-chat sc-style-8 ht-ctc-inline\"><style>.ht-ctc-sc .ht-ctc-style-8 .s_8 svg{order:0;margin-right: 15px;}.ht-ctc-sc:hover svg g path{fill:#ffffff !important;}.ht-ctc-sc:hover .ht-ctc-s8-text{color:#ffffff !important;}.ht-ctc-sc:hover .ht-ctc-style-8 .s_8{box-shadow: 0 3px 3px 0 rgba(7,6,6,.14), 0 1px 7px 0 rgba(0,0,0,.12), 0 3px 1px -1px rgba(0,0,0,.2) !important; transition: .2s ease-out !important; background-color:#26a69a !important; }<\/style>\n  <div class=\"ht-ctc-style-8 ctc-analytics\" style=\"display: inline-block;  \" >\n    <span class=\"s_8 waves-effect waves-light ctc-analytics\" style=\"display: flex;padding: 0 2rem;letter-spacing: .5px;transition: .2s ease-out;text-align: center;justify-content: center;align-items: center;border-radius:2px;height:36px;line-height:36px;vertical-align:middle;box-shadow:0 2px 2px 0 rgba(0,0,0,.14), 0 1px 5px 0 rgba(0,0,0,.12), 0 3px 1px -2px rgba(0,0,0,.2);box-sizing:inherit;background-color:#26a69a; \">\n      <svg style=\"display:block;\" height=\"17px\" version=\"1.1\" viewBox=\"0 0 509 512\" width=\"17px\">\n        <g fill=\"none\" fill-rule=\"evenodd\" id=\"Page-1\" stroke=\"none\" stroke-width=\"1\">\n            <path style=\"fill: #ffffff;\" d=\"M259.253137,0.00180389396 C121.502859,0.00180389396 9.83730687,111.662896 9.83730687,249.413175 C9.83730687,296.530232 22.9142299,340.597122 45.6254897,378.191325 L0.613226597,512.001804 L138.700183,467.787757 C174.430395,487.549184 215.522926,498.811168 259.253137,498.811168 C396.994498,498.811168 508.660049,387.154535 508.660049,249.415405 C508.662279,111.662896 396.996727,0.00180389396 259.253137,0.00180389396 L259.253137,0.00180389396 Z M259.253137,459.089875 C216.65782,459.089875 176.998957,446.313956 143.886359,424.41206 L63.3044195,450.21808 L89.4939401,372.345171 C64.3924908,337.776609 49.5608297,295.299463 49.5608297,249.406486 C49.5608297,133.783298 143.627719,39.7186378 259.253137,39.7186378 C374.871867,39.7186378 468.940986,133.783298 468.940986,249.406486 C468.940986,365.025215 374.874096,459.089875 259.253137,459.089875 Z M200.755924,146.247066 C196.715791,136.510165 193.62103,136.180176 187.380228,135.883632 C185.239759,135.781068 182.918689,135.682963 180.379113,135.682963 C172.338979,135.682963 164.002301,138.050856 158.97889,143.19021 C152.865178,149.44439 137.578667,164.09322 137.578667,194.171258 C137.578667,224.253755 159.487251,253.321759 162.539648,257.402027 C165.600963,261.477835 205.268745,324.111057 266.985579,349.682963 C315.157262,369.636141 329.460495,367.859106 340.450462,365.455539 C356.441543,361.9639 376.521811,350.186865 381.616571,335.917077 C386.711331,321.63837 386.711331,309.399797 385.184018,306.857991 C383.654475,304.305037 379.578667,302.782183 373.464955,299.716408 C367.351242,296.659552 337.288812,281.870254 331.68569,279.83458 C326.080339,277.796676 320.898622,278.418749 316.5887,284.378615 C310.639982,292.612729 304.918689,301.074268 300.180674,306.09099 C296.46161,310.02856 290.477218,310.577055 285.331175,308.389764 C278.564174,305.506821 259.516237,298.869139 236.160607,278.048627 C217.988923,261.847958 205.716906,241.83458 202.149458,235.711949 C198.582011,229.598236 201.835077,225.948292 204.584241,222.621648 C207.719135,218.824546 210.610997,216.097679 213.667853,212.532462 C216.724709,208.960555 218.432625,207.05866 220.470529,202.973933 C222.508433,198.898125 221.137195,194.690767 219.607652,191.629452 C218.07588,188.568136 205.835077,158.494558 200.755924,146.247066 Z\" \n            fill=\"#ffffff\" id=\"htwaicon-chat-sc\"\/>\n        <\/g>\n        <\/svg>\n      <span class=\"ht-ctc-s8-text s8_span ctc-analytics ctc_cta\" style=\"color:#ffffff;  \">\n         Chame no WhatsApp\n      <\/span>\n    <\/span>\n  <\/div>\n<\/div><\/div>\n<a rel=\"noopener noreferrer\" href=\"https:\/\/web.whatsapp.com\/send?phone=5531996181253&#038;text=\" target=\"_blank\" class=\"button secondary is-gloss expand hidden\"  >\n  <i class=\"icon-angle-down\" ><\/i>  <span>WhatsApp<\/span>\n  <\/a>\n\n\n<a rel=\"noopener noreferrer\" href=\"https:\/\/api.whatsapp.com\/send?phone=5531996181253\" target=\"_blank\" class=\"button secondary is-gloss expand hidden\"  >\n  <i class=\"icon-angle-down\" ><\/i>  <span>WhatsApp<\/span>\n  <\/a>\n\n\n\n\t\t<\/div>\n\t\t\t\t\n<style>\n#col-85848683 > .col-inner {\n  margin: 0px 0px 0px -15px;\n}\n<\/style>\n\t<\/div>\n\n\t\n\n\t<div id=\"col-971735241\" class=\"col show-for-small medium-6 small-12 large-6\"  >\n\t\t\t\t<div class=\"col-inner text-left\"  >\n\t\t\t\n\t\t\t\n\n<a href=\"tel:+553134410570\" target=\"_self\" class=\"button secondary is-gloss\"  style=\"padding:0px 31% 0px 30%;\">\n  <i class=\"icon-phone\" ><\/i>  <span>LIGAR<\/span>\n  <\/a>\n\n\n\n\t\t<\/div>\n\t\t\t\t\n<style>\n#col-971735241 > .col-inner {\n  margin: 0px 0px 0px -8px;\n}\n<\/style>\n\t<\/div>\n\n\t\n\n<\/div>\n<div class=\"row row-small align-center show-for-small\"  id=\"row-943798225\">\n\n\n\t<div id=\"col-149462467\" class=\"col show-for-small medium-11 small-12 large-11\"  >\n\t\t\t\t<div class=\"col-inner text-center\"  >\n\t\t\t\n\t\t\t\n\n<a href=\"#atendimento\" target=\"_self\" class=\"button secondary is-shade hide-for-medium\"  style=\"padding:0px 18% 0% 19%;\">\n  <i class=\"icon-envelop\" ><\/i>  <span>Solicite um Or\u00e7amento<\/span>\n  <\/a>\n\n\n<a href=\"#atendimento\" target=\"_self\" class=\"button secondary is-shade show-for-small\"  style=\"padding:0px 3% 0% 6%;\">\n  <i class=\"icon-envelop\" ><\/i>  <span>Mensagem<\/span>\n  <\/a>\n\n\n\n\t\t<\/div>\n\t\t\t\t\n<style>\n#col-149462467 > .col-inner {\n  padding: 0px 0px 0px 0;\n  margin: 0px 6px -30px -4px;\n}\n@media (min-width:550px) {\n  #col-149462467 > .col-inner {\n    padding: 0px 9px 0px 0px;\n    margin: 0px 0px -30px 10px;\n  }\n}\n<\/style>\n\t<\/div>\n\n\t\n\n\t<div id=\"col-1241358728\" class=\"col show-for-small medium-6 small-12 large-6\"  >\n\t\t\t\t<div class=\"col-inner text-center\"  >\n\t\t\t\n\t\t\t\n\n<div><div  data-pre_filled=\"Ol\u00e1, vim atrav\u00e9s do Academia Corpore Iate, https:\/\/www.academiacorpore.com.br\/iate\/musculacao\/ Gostaria de saber mais informa\u00e7\u00f5es.\" data-style=\"8\" style=\"display: inline; cursor: pointer; z-index: 99999999; \" class=\"ht-ctc-sc ht-ctc-sc-chat sc-style-8 ht-ctc-inline\"><style>.ht-ctc-sc .ht-ctc-style-8 .s_8 svg{order:0;margin-right: 15px;}.ht-ctc-sc:hover svg g path{fill:#ffffff !important;}.ht-ctc-sc:hover .ht-ctc-s8-text{color:#ffffff !important;}.ht-ctc-sc:hover .ht-ctc-style-8 .s_8{box-shadow: 0 3px 3px 0 rgba(7,6,6,.14), 0 1px 7px 0 rgba(0,0,0,.12), 0 3px 1px -1px rgba(0,0,0,.2) !important; transition: .2s ease-out !important; background-color:#26a69a !important; }<\/style>\n  <div class=\"ht-ctc-style-8 ctc-analytics\" style=\"display: inline-block;  \" >\n    <span class=\"s_8 waves-effect waves-light ctc-analytics\" style=\"display: flex;padding: 0 2rem;letter-spacing: .5px;transition: .2s ease-out;text-align: center;justify-content: center;align-items: center;border-radius:2px;height:36px;line-height:36px;vertical-align:middle;box-shadow:0 2px 2px 0 rgba(0,0,0,.14), 0 1px 5px 0 rgba(0,0,0,.12), 0 3px 1px -2px rgba(0,0,0,.2);box-sizing:inherit;background-color:#26a69a; \">\n      <svg style=\"display:block;\" height=\"17px\" version=\"1.1\" viewBox=\"0 0 509 512\" width=\"17px\">\n        <g fill=\"none\" fill-rule=\"evenodd\" id=\"Page-1\" stroke=\"none\" stroke-width=\"1\">\n            <path style=\"fill: #ffffff;\" d=\"M259.253137,0.00180389396 C121.502859,0.00180389396 9.83730687,111.662896 9.83730687,249.413175 C9.83730687,296.530232 22.9142299,340.597122 45.6254897,378.191325 L0.613226597,512.001804 L138.700183,467.787757 C174.430395,487.549184 215.522926,498.811168 259.253137,498.811168 C396.994498,498.811168 508.660049,387.154535 508.660049,249.415405 C508.662279,111.662896 396.996727,0.00180389396 259.253137,0.00180389396 L259.253137,0.00180389396 Z M259.253137,459.089875 C216.65782,459.089875 176.998957,446.313956 143.886359,424.41206 L63.3044195,450.21808 L89.4939401,372.345171 C64.3924908,337.776609 49.5608297,295.299463 49.5608297,249.406486 C49.5608297,133.783298 143.627719,39.7186378 259.253137,39.7186378 C374.871867,39.7186378 468.940986,133.783298 468.940986,249.406486 C468.940986,365.025215 374.874096,459.089875 259.253137,459.089875 Z M200.755924,146.247066 C196.715791,136.510165 193.62103,136.180176 187.380228,135.883632 C185.239759,135.781068 182.918689,135.682963 180.379113,135.682963 C172.338979,135.682963 164.002301,138.050856 158.97889,143.19021 C152.865178,149.44439 137.578667,164.09322 137.578667,194.171258 C137.578667,224.253755 159.487251,253.321759 162.539648,257.402027 C165.600963,261.477835 205.268745,324.111057 266.985579,349.682963 C315.157262,369.636141 329.460495,367.859106 340.450462,365.455539 C356.441543,361.9639 376.521811,350.186865 381.616571,335.917077 C386.711331,321.63837 386.711331,309.399797 385.184018,306.857991 C383.654475,304.305037 379.578667,302.782183 373.464955,299.716408 C367.351242,296.659552 337.288812,281.870254 331.68569,279.83458 C326.080339,277.796676 320.898622,278.418749 316.5887,284.378615 C310.639982,292.612729 304.918689,301.074268 300.180674,306.09099 C296.46161,310.02856 290.477218,310.577055 285.331175,308.389764 C278.564174,305.506821 259.516237,298.869139 236.160607,278.048627 C217.988923,261.847958 205.716906,241.83458 202.149458,235.711949 C198.582011,229.598236 201.835077,225.948292 204.584241,222.621648 C207.719135,218.824546 210.610997,216.097679 213.667853,212.532462 C216.724709,208.960555 218.432625,207.05866 220.470529,202.973933 C222.508433,198.898125 221.137195,194.690767 219.607652,191.629452 C218.07588,188.568136 205.835077,158.494558 200.755924,146.247066 Z\" \n            fill=\"#ffffff\" id=\"htwaicon-chat-sc\"\/>\n        <\/g>\n        <\/svg>\n      <span class=\"ht-ctc-s8-text s8_span ctc-analytics ctc_cta\" style=\"color:#ffffff;  \">\n        Chame no WhatsApp\n      <\/span>\n    <\/span>\n  <\/div>\n<\/div><\/div>\n<a rel=\"noopener noreferrer\" href=\"https:\/\/web.whatsapp.com\/send?phone=5531996181253&#038;text=\" target=\"_blank\" class=\"button secondary is-gloss expand hidden\"  >\n  <i class=\"icon-angle-down\" ><\/i>  <span>WhatsApp<\/span>\n  <\/a>\n\n\n<a rel=\"noopener noreferrer\" href=\"https:\/\/api.whatsapp.com\/send?phone=5531996181253\" target=\"_blank\" class=\"button secondary is-gloss expand hidden\"  >\n  <i class=\"icon-angle-down\" ><\/i>  <span>WhatsApp<\/span>\n  <\/a>\n\n\n\n\t\t<\/div>\n\t\t\t\t\n<style>\n#col-1241358728 > .col-inner {\n  margin: 0px 0px 2px -4px;\n}\n@media (min-width:550px) {\n  #col-1241358728 > .col-inner {\n    margin: 0px 0px 3px 20px;\n  }\n}\n<\/style>\n\t<\/div>\n\n\t\n\n\t<div id=\"col-195351287\" class=\"col show-for-small medium-6 small-12 large-6\"  >\n\t\t\t\t<div class=\"col-inner text-center\"  >\n\t\t\t\n\t\t\t\n\n<a href=\"tel:+553134410570\" target=\"_self\" class=\"button secondary is-gloss hidden\"  style=\"padding:0px 19% 0px 22%;\">\n  <i class=\"icon-phone\" ><\/i>  <span>LIGUE<\/span>\n  <\/a>\n\n\n\n\t\t<\/div>\n\t\t\t\t\n<style>\n#col-195351287 > .col-inner {\n  padding: 0px 0px 0px 0px;\n  margin: -13px 0px 0px -4px;\n}\n<\/style>\n\t<\/div>\n\n\t\n\n<\/div>\n\t\t<\/div>\n\t\t\t\t\n<style>\n#col-216210411 > .col-inner {\n  padding: 0px 1% 0px 1%;\n}\n@media (min-width:550px) {\n  #col-216210411 > .col-inner {\n    padding: 0px 2% 0px 2%;\n  }\n}\n@media (min-width:850px) {\n  #col-216210411 > .col-inner {\n    padding: 0px 0px 0px 2%;\n  }\n}\n<\/style>\n\t<\/div>\n\n\t\n<\/div>\n\t\t<\/div>\n\n\t\t\n<style>\n#section_461446775 {\n  padding-top: 60px;\n  padding-bottom: 60px;\n}\n#section_461446775 .ux-shape-divider--top svg {\n  height: 150px;\n  --divider-top-width: 100%;\n}\n#section_461446775 .ux-shape-divider--bottom svg {\n  height: 150px;\n  --divider-width: 100%;\n}\n<\/style>\n\t<\/section>\n\t\n","protected":false},"excerpt":{"rendered":"","protected":false},"author":1,"featured_media":0,"parent":0,"menu_order":0,"comment_status":"closed","ping_status":"closed","template":"page-blank.php","meta":{"footnotes":""},"class_list":["post-322","page","type-page","status-publish","hentry"],"_links":{"self":[{"href":"https:\/\/www.academiacorpore.com.br\/iate\/wp-json\/wp\/v2\/pages\/322","targetHints":{"allow":["GET"]}}],"collection":[{"href":"https:\/\/www.academiacorpore.com.br\/iate\/wp-json\/wp\/v2\/pages"}],"about":[{"href":"https:\/\/www.academiacorpore.com.br\/iate\/wp-json\/wp\/v2\/types\/page"}],"author":[{"embeddable":true,"href":"https:\/\/www.academiacorpore.com.br\/iate\/wp-json\/wp\/v2\/users\/1"}],"replies":[{"embeddable":true,"href":"https:\/\/www.academiacorpore.com.br\/iate\/wp-json\/wp\/v2\/comments?post=322"}],"version-history":[{"count":10,"href":"https:\/\/www.academiacorpore.com.br\/iate\/wp-json\/wp\/v2\/pages\/322\/revisions"}],"predecessor-version":[{"id":683,"href":"https:\/\/www.academiacorpore.com.br\/iate\/wp-json\/wp\/v2\/pages\/322\/revisions\/683"}],"wp:attachment":[{"href":"https:\/\/www.academiacorpore.com.br\/iate\/wp-json\/wp\/v2\/media?parent=322"}],"curies":[{"name":"wp","href":"https:\/\/api.w.org\/{rel}","templated":true}]}}